- 7) - 54.
-63
Evaluate 17 + -27 + 35 + -1 + 8 + -114.
-82
Evaluate -1 - (66 + -84 - ((19 - -11) + -8)).
39
0 - (2 + 16) - (6761 + -6732)
-47
70 - (-25 - (-113 - -31))
13
What is the value of 37 + 2 + (1006 - 1010)?
35
What is -12 + 137 + (3 + (5 - 5) - 3)?
125
Calculate -34 + (2 - (40 + -39)) + -73.
-106
Evaluate -31 - (-17 + 95 - 55).
-54
What is 5 - 17 - 0 - (-2 + -2 + 52)?
-60
What is -17 + (-22 - -19) + 75 + -9?
46
3 - ((-7 - (-5 + -11) - 35) + -1 - 4)
34
Calculate 1 + 41 + (91 - (-31 + 83)).
81
What is (16 - 111) + (-10 - (3 + -11)) + 17?
-80
Calculate -55 + (-26 - (-33 - -1)).
-49
What is the value of (180 + -94 - 287) + 90?
-111
Evaluate 4 + 6 + -3 + 18 + (8 - 29).
4
Evaluate -2 + 5 + 12 + -30 + 1 + (-414 - -453).
25
What is (45 - ((15 - -38) + -83)) + 0 + -1 + 1?
75
-2 - -1 - -3 - (2 + -116 + 16)
100
Calculate (-5 + 22 - (-90 - -89)) + 14.
32
Evaluate -162 + 156 - (-13 - -1) - -9.
15
Calculate -116 + -2 - (-733 - -638).
-23
What is -1291 + 1303 + ((5 - 6) + 0 + 0 - 3)?
8
Evaluate -124 - ((-246 - 49) + 106).
65
What is -378 + 508 + 4 + -2?
132
Evaluate 57 + (24 - 56) + -19 + 1 + 10.
17
Calculate -4 - (-5 + 0 + (3 + 40 - 50)).
8
Evaluate -7 - (50 - 72 - -76).
-61
What is -3 - -10 - -1 - (-32 + (19 - 4))?
25
Evaluate (-49 - -3) + (-467 - -553).
40
What is the value of -25 - (38 + (20 - 47) - 141)?
105
What is 16 + (-1 - (7 + -14) - 16) + 40?
46
Evaluate -10 - -26 - (2 + 4 - (-40 - -41)).
11
What is the value of 6 + -1 - (2 - 0 - 73 - (-7328 - -7317))?
65
Calculate -205 + 131 - (2 + 39 - -4).
-119
Evaluate 4 + (53 - (-25 - -86)).
-4
Calculate -37 + (117 - 188) - -141.
33
Evaluate (74 - -5) + -190 - -66.
-45
0 + 24 - 8 - ((-4 - -8) + 8)
4
Calculate -5 + 0 - -9 - (80 + -30 - -9).
-55
71 - (23 - 91 - -51)
88
What is -273 - -248 - (7 + -59)?
27
Evaluate 59 + 26 + (-3 - 6 - -1) + -3.
74
-84 + 87 + (9 + -7 - -25)
30
What is 58 + -118 + 123 - (-20 + 0)?
83
(-26 - (-14 - -7) - -9 - -12) + (122 - 2)
122
-36 + (0 - -3 - ((37 - 42) + -2 + 21))
-47
Calculate 69 - (65 + -7) - (-2 + -1).
14
-51 + 61 + -142 - (32 + -27 + 1 + -3)
-135
-61 + (-124 + 55 - -81)
-49
Evaluate (-23 + -6 - -18) + 45 - -32.
66
Evaluate 102 - ((-16 - -122) + 50).
-54
What is (-2 - -12) + 11 + 135 + -252?
-96
Evaluate 46 - ((15 - 12) + 2).
41
Calculate (-33 - (25 - (11 - 5)) - 12) + 22.
-42
(19 + -18 - -13 - (0 + 25)) + 0 + -36
-47
What is 5 + -16 + (0 - -16) + 86?
91
What is 2 + -18 - (-63 + (20 - 5) + -30)?
62
Calculate -22 - (20 + (-15 - 19)).
-8
What is 3309 + -3310 + 13 + (1 - -2)?
15
18 + -51 + (25 - 4) - -43
31
Calculate 0 + -31 + (-86 - (32 + -112)).
-37
Calculate 8 + -12 + -12 - -27 - (42 + -1).
-30
What is 36 + -81 + 87 + -27?
15
Evaluate 62 + (-35 - 43 - -65).
49
What is 2 + -5 + 7 - -8 - (6 - (41 + 91))?
138
Evaluate (2 - ((-7 - -5) + (18 - 6))) + (4 - -57).
53
What is 1 + -1 - ((-18 - -1) + (-1041 - -1069)) - 22?
-33
What is -9 + (48 - (6 - (8 - 4)) - -11) + -2?
46
What is the value of 5 - (-11 + 15 + 12) - -18?
7
(37 - -16) + -47 - -10
16
What is the value of -1 - 59 - (38 + (-103 - -84))?
-79
What is the value of (2 + -15 - 16) + 105 + (0 - -9)?
85
Calculate (1 - 13) + (25 - (-16 - 43)) + 0 + -7.
65
Evaluate 105 + -23 + -122 - -102.
62
What is 5 - 15 - (23 + -22) - 26?
-37
Calculate -117 + (26 - -6 - (79 - 70)).
-94
Evaluate 21 - (-8 - -15) - (1 + 16 + -3).
0
Evaluate -18 + 0 - (-21 - (-13 + -14 + 3) - -2).
-23
What is (-35 - 29) + 51 + (7 + 3 - 1)?
-4
-1 + 1 - 98 - (22 + -30 + 1 - -9)
-100
What is 10 + (12 - ((9 - 6) + 1 + -3))?
21
What is the value of ((42 - (-36 - 3)) + 22 - (11 - -1)) + 11?
102
What is the value of -15 + -1 + (209 - 218) + 0 + 5?
-20
16 + -28 - (4 + 3 + -12)
-7
Calculate (1 - -4) + (23 - (0 - (-18 - -8))).
18
Calculate 1 + -4 + -8 - (-131 + 28 + 7 + 22).
63
Evaluate -135 - -51 - 72 - -80.
-76
Evaluate 2 + 0 + 76 + (-449 - -422).
51
What is the value of 34 + 0 - (9 - (-6 - (1 - 15) - 3))?
30
What is 16 + (-7 + -26 - -28) - (1 - 4)?
14
-8 - -2 - (3 - (65 + (0 - (5 + -2))))
53
Calculate -1 - -51 - (14 + -10 + (43 - 45)).
48
What is the value of -11 - ((-11 - 0) + (134 - 133) + -3) - 44?
-42
(0 - 15) + -13 + -47 + 28 + 28
-19
Evaluate (0 - -15) + -1 - (-166 + 85 - (-20 + -2)).
73
What is the value of -1 + 7 - (10 - ((6 - 12) + -54))?
-64
What is the value of 10 + 6 + -14 + 19 - 45?
-24
What is (2 + (1 - (-1 + -1)) - 11) + (-75 - -80)?
-1
(-3 - -1) + 0 + (0 - 1) + 7920 + -7873
44
What is the value of 16 + (0 - 3) - (2 + (3 - 6))?
14
Evaluate -42 + (29 + 0 - (-678 - -700)).
-35
What is the value of 23 + -15 - (9 - 64) - (2 + 4) - 6?
51
39 + 1 + 0 + (5885 - 5886)
39
What is the value of 11781 + -11723 + (-28 - 1)?
29
-10 + 27 + 15 - 64
-32
Evaluate (57 - 2) + (2916 - 2980).
-9
What is (-136 - -113) + (0 - -67) + -14 + 2?
32
Calculate -5 + (-2 - -3) - (-24 + -22 + 40).
2
Evaluate -8 + 1 - (-28 - (-8 + -2)).
11
What is -3 + 7 - 17 - (-8 + -15 - -15)?
-5
Evaluate ((-48 - -71) + 79 - (1 - 5) - -14) + -13.
107
What is the value of (4 - (7 - 63)) + (-626 - -666)?
100
What is the value of (0 - 5) + 20 + 22 + (18 - -2) + -4?
53
Evaluate 40 + -21 + 30 - 40.
9
What is the value of 2 + (-114 - -121) + (13 - 4) + -10?
8
-97 + 4 - (-8 - (0 + 1 + (-184 - -181)))
-87
-20 - (-23 - (-28 - 13))
-38
Calculate 163 - (-73 - -176) - 59.
1
What is 25 - 2 - (-6347 + 6314)?
56
Calculate -16 - ((-2 - 12) + 18 + -14) - (1 - -5).
-12
Evaluate (111 + -116 - (0 + -1 + 0)) + 160 + -197.
-41
(-14 + 6 - -15) + (2 - -7 - -29)
45
What is the value of 15 + (3 + -10 - 93 - -19) + -14?
-80
What is the value of (-19 - -33 - -3) + (-24 - -8) + 62?
63
What is the value of -98 - ((112 - 240) + -59)?
89
What is the value of (-32 - (-12 + -3)) + 35?
18
Evaluate -55 - 0 - (4647 - 4679).
-23
What is the value of (3 - (-3 + 37)) + 2 + (-26339 - -26364)?
-4
What is the value of -3 + 6 - 65 - (-5 - (7 + -7))?
-57
-36 - ((-2 - (5 - ((10 - 4) + 6))) + -9)
-32
What is the value of 2 - ((-4 - -2 - 4 - (-5 + 8)) + 40)?
-29
What is -1 + (-1 - -28) + (11 - -2) - 1?
38
Evaluate (-84 - 0) + 3681 + -3675.
-78
What is 48 + -1 + 36 + -80 + -1 + 32?
34
(6 - (9 + 1)) + 49 - (2 + 2)
41
Evaluate 0 + 3 + 2 + (-18 - (17 - 5) - -4).
-21
Calculate 160 + -81 + (-40 - 9).
30
Evaluate -9 - (-74 + 28 - (7 + -6 - 6)).
32
What is -85 + -71 + 140 + 18?
2
Calculate 0 + -16 + (11 - 40 - 9).
-54
What is (-69 - (-84 + 17)) + -3 + 22 + -3?
14
Calculate -61 + (77 - 11 - 39).
-34
28 + (-51 - -23) + -25
-25
107 + -67 + -84 + 86
42
Evaluate -37 + (-1 + -65 - -127).
24
Calculate 17 + 59 + -72 + -11.
-7
8 + -1 - (264 + -316 - (-5 + -8))
46
What is the value of (-3015 - -3013) + 1 + (0 - 0 - 46)?
-47
Calculate -5 + 2 - (1134 + -1188).
51
Evaluate 2 + (-13 - (1 + (-11 - 6 - (2 - 10)))).
-3
What is -7 + (-20 - (-41 - -22))?
-8
Evaluate 2 + -2 + -99 - (-298 - -292).
-93
Calculate -6 + 2 - (-4 + (13 - 18) + 1).
4
What is the value of -6 + -2 - ((-7 - -22) + -38) - (-8 + -1)?
24
Calculate 259 + -201 - (-3 - -57).
4
What is the value of (2 - -39 - 89) + 21?
-27
What is -3 + (5 - 26) + (20 - -1)?
-3
Evaluate 14 + -47 + 14 + -12 - -21.
-10
What is -3 + (-10 - ((-21 + -4 - 1) + 12)) + -11?
-10
Calculate (-2 - (4 - -1)) + (-2 - -6) + -71 + 59.
-15
What is 31 + -107 + (-91 - -148)?
-19
-4 + (-60 - -37 - -60)
33
Evaluate -334 + 316 + (-2 - (-2 - 1) - 4).
-21
What is (-16 + 11 + -17 + 18 - 56) + -9?
-69
Calculate (9 - 34) + (-81 - -86).
-20
Evaluate -10 + (4 + -3 - (15 + 2 + -112)).
86
Calculate -25 - -3 - -10 - -27.
15
What is the value of -16 - (12 + (31 - 23))?
-36
-1 - 101 - ((0 + 76 - 37) + -22)
-119
Calculate (-135 - -152) + (4 - (-6 - -4)).
23
Evaluate -3 + (-7 + 3 - -4) - -14 - (14 + 5).
-8
What is the value of 373 + -375 - (-1 - 37) - -19 - -24?
79
What is the value of 206 + -215 - (-2 - 1) - ((3 - 2) + -47)?
40
What is the value of (1 - -2) + (2 - 1) + 0 + (-11748 - -11766)?
22
Evaluate 1375 - 1376 - (1 + -49 + -3).
50
What is 10 - (-8 + (34 - -16) - (-9 - -1))?
-40
Evaluate 13 + (19 - 5 - 24 - (-18 + -1)).
22
Evaluate 3 - 28 - (-95 + 78).
-8
What is -51 - (-2 + -45 + -1)?
-3
What is the value of -18 + (-23 - -16) + 13 + 21?
9
Calculate 19 - 1 - (168 - 155) - 10 - -62.
57
Evaluate -104 + 90 - (-4 + -3 + 4) - 1.
-12
63 + -99 + 53 - (1 + 29) - -47
34
86 + (-41 - (31 + -47))
61
((-34 - -54) + -10 - -20) + 25
55
(40 - 5) + (-1 - (36 + -32))